, 2*a - p = -a + r. Let t = 22 + -5. What is the highest common factor of t and a?
17
Let q = -9591 - -9648. What is the greatest common divisor of 3173 and q?
19
Suppose 58 = 2*u + 5*s, u = -0*u + 4*s + 16. Let y(b) = -51*b - 117. Let k be y(-7). Calculate the greatest common factor of u and k.
24
Let h = 237 - 218. Suppose -h*m + 76 + 0 = 0. Let f(u) = u**2 - 5*u - 2. Let a be f(6). What is the greatest common divisor of m and a?
4
Let n(x) = -334*x - 1976. Let f be n(-6). Calculate the greatest common divisor of f and 148.
4
Let i(d) = -4*d**2 - 13*d + 3. Let y be i(-6). Let v = -63 - y. Suppose v = 9*p - 6*p - 210. What is the highest common factor of 175 and p?
35
Let n(c) = 61*c - 88. Suppose -130 - 70 = -25*o. Let z be n(o). Calculate the greatest common divisor of z and 80.
80
Suppose 4*t + 202 = -3*a + 777, -390 = -2*a + 4*t. Let y = -166 + a. What is the greatest common divisor of 54 and y?
27
Let d(l) be the second derivative of l**5/20 - l**4/12 - 17*l**3/2 + 27*l**2/2 - 222*l. Let y be d(9). What is the greatest common factor of y and 270?
54
Let a(w) = 4*w**2 - 29*w - 352. Let j be a(22). Calculate the highest common factor of j and 44.
22
Let o = 59 + -19. Suppose 15*z - 4*h = 14*z + 25, 2*z - 5*h = 35. Calculate the greatest common divisor of z and o.
5
Let v be (-2 - 3/2)*-12. Let d(i) = -679*i - 6090. Let p be d(-9). Calculate the greatest common factor of v and p.
21
Let l = -10733 - -11085. Calculate the greatest common divisor of 36 and l.
4
Suppose 8 = 45*d - 40*d - 4*s, -3*d + 4*s = 0. Suppose -4*c = -d*g + 1141 + 327, -3*c = 5*g - 1851. Calculate the highest common divisor of g and 27.
9
Let h = 494 + -150. Let z be 430*(-2 - 33/(-15) - 0). What is the highest common factor of z and h?
86
Suppose 82*f + 552 = -474 + 5126. What is the highest common divisor of f and 8150?
50
Let w = 344 - 226. What is the greatest common factor of w and 5074?
118
Let c = 1124 - 1042. What is the greatest common divisor of 369 and c?
41
Suppose -6*t - 41 - 25 = 0. Let q(f) = -f**2 - 10*f + 71. Let b be q(t). What is the highest common divisor of b and 160?
20
Let s = -5364 + 5416. Calculate the highest common divisor of s and 12.
4
Suppose 27*z + 25*z - 65*z = -208. What is the greatest common factor of 1464 and z?
8
Let b = -458 - -623. What is the greatest common factor of b and 25?
5
Suppose -53*m + 48*m + 5*h = -70, -24 = -4*h. Let d(w) = -2*w**3 + 4*w**2 + 3*w. Let l be d(-4). Calculate the greatest common factor of l and m.
20
Suppose -3*y + 3*j = -717, 2*y + 5*j = 2*j + 453. Calculate the highest common divisor of y and 546.
78
Suppose 2*u - 3*b = -u + 90, 3*b - 158 = -5*u. Suppose -11 + u = 5*h. Suppose 8*z = h*z + 56. Calculate the greatest common factor of 14 and z.
14
Let r be (153/(-2))/((-1)/4). Suppose 0*j - 5*j - 21 = -3*l, 3*j + l = -7. Let w(f) = 13*f + 73. Let u be w(j). Calculate the greatest common factor of r and u.
34
Let x be (-11)/(-5) + -2 - 133/(-35). Suppose x*z - 5*w = -w + 376, -3*w = 12. Calculate the highest common divisor of z and 10.
10
Suppose 0 = -u + 5*o + 25, 3*u - 36 = -u + 4*o. Suppose -11 = -3*b - u. Calculate the greatest common divisor of 46 and b.
2
Let a be (10 - 0)*(-78)/(-4). Let o(f) = -30*f**3 - 4*f**2 - 3*f - 1. Let q be o(-1). Let j = 50 + q. What is the highest common divisor of a and j?
39
Let p = -1057 + 1099. What is the greatest common divisor of p and 1449?
21
Let m(d) = -11*d**2 - 8*d + 26. Let x(w) = -w**2 - 3*w - 1. Let h(a) = -2*m(a) + 4*x(a). Let r be h(6). What is the greatest common factor of 56 and r?
56
Let b be 428 + (-1)/(3/6) - (261 - 267). What is the greatest common divisor of b and 2322?
54
Suppose 425 = w - 5*u, -3*u = 22*w - 23*w + 417. What is the highest common factor of w and 117?
9
Let x = -13 - -18. Let m be (2 - 7) + -2 - -7. Suppose -5*o = 3*i - 5, o = -m*i - 5*i + 23. What is the highest common divisor of i and x?
5
Suppose 753 - 405 = 3*m. Calculate the highest common divisor of 812 and m.
116
Let s(u) be the second derivative of -7/2*u**2 + 1/20*u**5 + 0 + 2/3*u**3 + 7/12*u**4 - u. Let p be s(-5). Calculate the greatest common factor of 184 and p.
23
Let k = -37 - -136. Suppose 6*v + 2192 = -10*v. Let m = 146 + v. What is the greatest common factor of k and m?
9
Let g(n) = 16*n**2 + 2*n + 1. Let b be g(-1). Let l be (-85)/(b/(-3)) - -1. Suppose -6*j + l = -36. Calculate the greatest common divisor of 99 and j.
9
Let o = -191 - -324. Let i be (-92)/(-5) - 15/(-25). What is the highest common divisor of i and o?
19
Let g = 778 - 768. Suppose -g = 10*o - 410. Calculate the greatest common divisor of 55 and o.
5
Let r = -1183 - -1191. Calculate the highest common divisor of 25 and r.
1
Let i = -1491 + 1569. Let f be 3 + (-10)/(-25) + 26/10. What is the greatest common divisor of f and i?
6
Suppose -227*g - 3348 = -33766. Calculate the highest common divisor of g and 4.
2
Suppose 0*u + 24 = 6*u. Suppose m + 118 = 3*n, 0 = u*n - 4*m + 93 - 253. Calculate the greatest common factor of n and 13.
13
Suppose 0 = -393*u + 562*u - 1352. Calculate the highest common divisor of u and 7928.
8
Suppose 4*k - 47 = 5*p, -k - 3*p = -4*p - 13. Calculate the highest common divisor of 1998 and k.
18
Let k(r) = -33*r**3 - r**2 - 2*r. Let p be k(1). Let u = 12 - 36. Let d = u - p. Calculate the highest common factor of d and 96.
12
Let o(p) = 5*p**2 - 122*p - 73. Let t be o(25). Let g = -22 - -29. Let q be 184/g + 24/(-84). What is the highest common divisor of t and q?
2
Let r(b) = 204*b**2 + 402*b - 1218. Let x be r(3). What is the highest common divisor of x and 760?
152
Let n be (1 + -7)*52/(-2). Suppose 699 = -56*l - 30*l + 1043. Calculate the highest common factor of l and n.
4
Suppose -x + 2*a + 986 = 0, 15*x = 12*x - 2*a + 2998. What is the greatest common divisor of 12 and x?
12
Suppose 7*k = 9 + 12. Suppose 593*z = 589*z + 8. What is the greatest common factor of k and z?
1
Let t be -219 + (2/6 - (-12)/(-9)). Let v be (128/t - 4/(-22))*-10. Suppose 0 = v*q + 4, 516 = 3*f - 0*q - 3*q. What is the highest common divisor of 19 and f?
19
Let b(d) = 34*d - 53. Let r be b(4). Suppose q + 202 = t, 4*q + 104 + r = t. What is the highest common factor of t and 23?
23
Suppose 110*n + 368 = 1138. Calculate the highest common divisor of n and 2576.
7
Let r(j) = -94*j**2 + 473*j + 9. Let b be r(5). What is the greatest common divisor of 30 and b?
6
Let j be (-1 - 3)*-3*225/108. Suppose -j*u + 866 = -20*u + 3*g, 4*u + g = 690. Calculate the greatest common factor of u and 4.
4
Let o(b) = b**3 - 5*b - 3. Suppose 3*s - 11 = -3*y + 2*s, -9 = -y + 5*s. Let q be o(y). Calculate the highest common factor of q and 1.
1
Let q be 28 - -12 - (-6)/15*(-1 - -11). Calculate the highest common divisor of 143 and q.
11
Let v = 13 - -185. Suppose 3*c - 290 = -2*c. Let r = 76 - c. What is the highest common divisor of r and v?
18
Let r be 14/(-35) + 1 + 2151/15. Let q = 147 - r. Calculate the greatest common divisor of q and 4.
1
Let q(b) = -5*b**2 - 63*b - 4. Let l be q(-10). Calculate the highest common factor of l and 2331.
63
Let b = 11 - -7. Let n = 203 + -99. Let t = n + 130. Calculate the highest common factor of b and t.
18
Let a(o) = 23*o**3 - o**2 + 2*o. Let w be a(1). Suppose w = 5*v + s - 43, -4*s = -4*v + 68. What is the highest common divisor of 4 and v?
2
Suppose v - 4*v - 18 = 0. Let d(l) = 2*l**2 - 15*l - 50. Let u be d(v). What is the highest common divisor of u and 28?
28
Let u = 682 - 642. Suppose -u*i = -69*i + 1131. What is the highest common divisor of 104 and i?
13
Suppose -2*r - 6*p + 10 = -2*p, 4*r = -5*p + 20. Suppose r*z + 377 = 5642. What is the greatest common divisor of z and 13?
13
Suppose -53*t - 116 = -752. Let p be (-5)/(25/(-315)) + t/3. What is the highest common divisor of p and 268?
67
Let t(x) be the third derivative of x**5/60 + 5*x**4/12 + 4*x**3/3 + 7*x**2. Let y be t(-12). Let c = 36 - y. What is the highest common divisor of c and 8?
4
Suppose -x - 5 = -q, 2*x + q - 25 = -4*q. Suppose x = 26*j - 13*j - 260. Calculate the highest common divisor of 8 and j.
4
Suppose q - 44 = -0*q. Let o = -14 + q. Let t = 960803 + -960473. Calculate the greatest common divisor of t and o.
30
Let t(l) = -l - 1. Let a be t(4). Let k(b) = -5*b + 5 + 2 - 8. Let z be k(a). Wh